5. What is the greatest common divisor of m and q?
24
Let k(y) = -y**3 + 4*y**2 + 4*y - 1. Let q be k(4). Suppose -75*j + 810 = 87*j. What is the highest common factor of j and q?
5
Suppose 1235 + 157 = 116*p. Let c = 1 + -1. Suppose -3*y - 5*t = y - 130, c = y - 4*t - 22. Calculate the highest common factor of p and y.
6
Suppose -268*c = -274*c + 126. Calculate the greatest common factor of c and 231.
21
Let w(t) = t**3 + 38*t**2 + 2*t + 102. Let r be w(-38). What is the greatest common factor of 39 and r?
13
Let r be (1 - 1) + (-37 - 1). Let v be 4/(-6) - r/3. Let d be 26 - 7 - (-2 - -5)/3. What is the highest common divisor of d and v?
6
Suppose -3*u + 555 - 42 = 0. Suppose -389 = -5*i + u. Calculate the highest common factor of i and 14.
14
Let j = -481 + 721. Calculate the greatest common factor of 320 and j.
80
Suppose -9*l - 7*l + 160 = 0. Let z be (-1)/(9/(-88)) - (-12)/54. What is the highest common factor of l and z?
10
Let w be 70 + 3 + -5 - -3. Suppose 0 = -3*n, 0 = -2*g + 4*n + 121 + w. Let k be 25/(-2)*g/(-15). Calculate the highest common divisor of k and 32.
16
Suppose -3*y = 10*y - 1456. Suppose 2*k + 6*k = y. Calculate the greatest common divisor of 98 and k.
14
Let q = -249 + 284. Let a(v) = -386*v - 1. Let x be a(-1). What is the highest common divisor of q and x?
35
Suppose 0 = -36*m + 21*m + 4800. What is the highest common factor of m and 100?
20
Let s(m) = 90*m**2 + 11*m + 1. Let q be s(-1). Calculate the greatest common factor of 40 and q.
40
Let u be (-2 + -5 + 11)*(-1581)/(-12). Calculate the greatest common factor of 34 and u.
17
Let u(i) = 376*i**3 - 2*i**2 + i. Let x be u(1). What is the highest common divisor of 45 and x?
15
Let l(a) = a**2 - 32*a - 406. Let t be l(-10). Suppose 3*z - 8 = -z. Suppose 0*w + 280 = z*w. What is the highest common factor of t and w?
14
Let i be (-2)/8 + 329/(-28). Let j = i - -14. Suppose j*b + p = 6*p + 140, b = p + 70. What is the highest common factor of b and 28?
14
Let y(l) = -2*l - 2. Let t be y(-8). Suppose -4*v + 87*x + 115 = 82*x, 25 = 5*x. What is the greatest common factor of v and t?
7
Let i be -7*(16 + -2)/(-2). Suppose 0 = -8*m + 3*m + 20. Suppose -m*h - p + 32 = -0*h, 0 = -5*h + 4*p + 19. What is the greatest common factor of h and i?
7
Let h be 5/(-30) + 13/6. Suppose 2*s + 10 = 2*z, 33 = 4*z + h*s - 5. Calculate the highest common factor of z and 24.
8
Let g = -866 - -1504. What is the highest common factor of g and 66?
22
Let x(a) = 79*a**2 - 33*a + 180. Let q be x(5). Calculate the highest common factor of 10 and q.
10
Suppose 6*f = f - 4*m - 2, 2*f - 13 = 3*m. Let d be (56/42)/(f/33). What is the greatest common divisor of d and 44?
22
Let t(b) = -2*b - 15. Let o be t(-8). Let v be (3/6)/(o/20). Calculate the highest common divisor of 25 and v.
5
Let y be (-5 - -23)*(-2)/(-3). Suppose y = -6*m + 516. Calculate the highest common divisor of 42 and m.
42
Let q be (-30)/10 + 0 + 120. Suppose 28*o = 26*o + 26. Calculate the greatest common divisor of q and o.
13
Let k be 210/4*((-7)/(-3) - 1). What is the greatest common factor of k and 40?
10
Let w = 39 + -32. Let t(a) = 18*a + 1 + 8 - 2*a + 2*a. Let q be t(w). Calculate the greatest common divisor of 15 and q.
15
Let m = 42 - 35. Suppose -8*x + 182 = -m*x. Calculate the highest common divisor of x and 26.
26
Let r be -4 - (-17996)/28 - (-4)/14. What is the highest common divisor of r and 9?
9
Suppose 5*k + 10*k = 255. Let g(b) = 9*b**2 + 4. Let s be g(-3). Calculate the greatest common divisor of k and s.
17
Suppose -3*v = v + 44. Let a = 51 + v. Calculate the highest common divisor of 16 and a.
8
Let p = -1019 - -2349. Calculate the greatest common divisor of p and 5.
5
Let x be (-2 - 13)*34/6. Let m = -35 - x. Suppose -30 - m = -4*u. Calculate the greatest common divisor of 30 and u.
10
Suppose -2*t + 13*t - 99 = 0. Suppose -3 = -2*s + 3. Suppose 0*g - 243 = -s*g. Calculate the greatest common divisor of g and t.
9
Let x = 15 - 33. Let g be (-56)/(-6) - (-6)/x. Calculate the greatest common divisor of g and 1.
1
Let c = 351 - -4. Calculate the greatest common divisor of c and 213.
71
Let n(x) = -x**3 + 5*x**2 + 7*x - 8. Let z be n(6). Let m be 57 + (2 - (5 - 0/z)). Calculate the highest common divisor of 18 and m.
18
Suppose -6 = 2*d, -5*i - 5*d + 66 = 11. Suppose -4*j + 903 = -7*j. Let n = -189 - j. What is the highest common factor of i and n?
14
Suppose -2 = -4*s + 6*s, 3*i + 2*s = 286. What is the greatest common divisor of 416 and i?
32
Suppose -u + 2*b = 2*u - 16, 26 = 4*u - 5*b. Suppose 2*f - 70 = -3*f + 5*y, -3*f + u*y = -44. Calculate the highest common divisor of f and 12.
12
Let m be ((-8)/(-6))/(21/2268*16). Let c be -2 - (-4 + -3 + -1). What is the greatest common factor of c and m?
3
Suppose 1 + 1 = y + 2*k, -2*y + 10 = -2*k. Suppose 2*m - y*m + 4 = 0. What is the greatest common divisor of 1 and m?
1
Let d be 0 + (-14)/(-2) - (33 + -602). Calculate the greatest common factor of d and 18.
18
Suppose 0 = u - 3*k - 0*k - 30, -3*k = -5*u + 150. Let i be -5*(-2)/u*(22 - 1). Calculate the greatest common divisor of 63 and i.
7
Let u(c) = 2*c**3 - 8*c**2 + 2*c + 12. Suppose 0 = 3*k - 23 + 8. Let q be u(k). Suppose -t + 16 = t. What is the highest common factor of t and q?
8
Let y = 322 + -287. Let r be 14/21*(-6)/(-4). Let v be 3/1 - (-3 + r). Calculate the highest common divisor of v and y.
5
Suppose -44*q - 11*q + 17710 = 0. What is the highest common factor of 92 and q?
46
Let j(a) = 66*a + 827. Let s be j(-12). Suppose -7 = 4*n - 3*p, -4*n + 0*p = 4*p - 28. Let r be 4 + -1 + n + 0. Calculate the greatest common factor of s and r.
5
Let c be (-566 - -2)*2/(-3). Calculate the greatest common factor of c and 47.
47
Suppose 4*n + 5*c - 1474 = 0, 541 = 2*n + 5*c - 191. What is the greatest common factor of n and 7?
7
Let k(b) = -b**2 + 8*b + 8. Let i be k(9). Let q be (6 - i)/1 + -3. Let p be (-1)/((-2)/4)*16. What is the greatest common divisor of q and p?
4
Suppose g + 3*g - 72 = 0. Let m be 2/2*1080/15. What is the highest common factor of m and g?
18
Let n(h) = 10*h. Let f be n(1). Suppose 4*z = 5*o + 195, 219*z + 134 = 222*z - 2*o. What is the highest common divisor of z and f?
10
Let a = -1165 - -1703. Let p be 17/15 - 1 - a/(-15). What is the greatest common factor of p and 6?
6
Suppose -2100 = 15*n - 35*n. Calculate the greatest common factor of 45 and n.
15
Let z(b) = -b**3 + 5*b**2 - 2*b + 4. Let x be z(3). Let j be 510/4 + -2*1/(-4). Calculate the highest common divisor of j and x.
16
Suppose -2*u + 100 = 5*d, 0*u - 2*d = -3*u + 131. Calculate the highest common factor of u and 75.
15
Suppose -190 - 706 = -4*w. Calculate the greatest common factor of 84 and w.
28
Let w be 6 - ((-2)/5 - 458/5). Calculate the highest common divisor of 28 and w.
14
Suppose -14 - 58 = -9*f. Calculate the highest common divisor of 10 and f.
2
Let x(y) = 4 + 7*y**2 + 1 - 3*y + 3 - 5. Let m be x(1). Calculate the greatest common factor of m and 63.
7
Suppose -2240 = -32*r + 27*r. What is the highest common factor of 56 and r?
56
Let l(h) = 3*h. Suppose 0*d + 16 = 3*d + 5*r, -3*d = -3*r. Let u be l(d). Calculate the greatest common divisor of u and 2.
2
Let u be (-2)/8 + (-578)/(-8). Suppose -w - 4*k - 3 = 9, 2 = -k. Let y(t) = -t + 5. Let b be y(w). Calculate the greatest common factor of u and b.
9
Let t(d) = d**2 - 15*d + 41. Let h be t(22). What is the highest common divisor of 260 and h?
65
Let m = -80 + 16. Let a = 146 + m. Suppose -4*r - 28 = -3*t + t, a = 3*t + 2*r. What is the highest common factor of t and 24?
24
Let i(d) = -2*d**2 - 25*d - 11. Let l be i(-12). Let x be 10 - (l/6 - 44/(-24)). Calculate the highest common factor of 24 and x.
8
Let c = -32 - -56. Let p be (-1 + (-3)/(-1))*3. What is the greatest common divisor of p and c?
6
Suppose -4*j = -5*j - 3*k - 10, -5*j - 5*k = 50. Let l be ((-25)/j - 3)*0. Suppose l = -4*b + b + 12. Calculate the highest common factor of 24 and b.
4
Let j(y) = -y**3 + 11*y**2 + 7. Let g be j(11). What is the greatest common divisor of g and 189?
7
Suppose -60 = -7*d + 38. What is the greatest common divisor of 854 and d?
14
Suppose -3*s + 4*k - 14 = -0*k, 2*k = 10. Let x be 1*1/1 + s. What is the greatest common factor of 3 and x?
3
Let q = -8 + 66. Let x = q - 23. W